640 + -609 + 6 + 4 + -9
32
Calculate (0 + 17 - (-43 - -50) - (42 - -28)) + 1.
-59
Calculate -70 + -5 + (-41 - -59).
-57
What is (-54 - 12) + 81 + -70?
-55
(2 - 15) + (24 - (28 - 105) - 2)
86
(-118 - -78) + -9 + 7 + 0 + -3
-45
What is the value of -32 + (107 + -62 - 4)?
9
Calculate -152 + 11 + -10 + (33 - 12) - -12.
-118
-17 - (-19 - (6 - 13)) - (-11 - 6)
12
What is the value of 15 + 17 + 55 + -77?
10
86 + -10 + 32 - 184
-76
Calculate -171 + 96 - -86 - (31 - 3).
-17
What is the value of 17 + -2 + (2 - 10) + (6 - 21)?
-8
What is 0 - (-1 + -2) - (-24 - 60 - -29) - -7?
65
What is 56 + 37 - (102 + -135)?
126
-108 + 34 + 86 - ((0 - 0 - 1) + -112)
125
What is -54 + -24 + 12 + -53 + 62?
-57
Evaluate (3 - -68) + (17 - 19) + 19 - (2 + 9).
77
Calculate (-21 - -13) + (79 + 4 - 7) - 3.
65
(27 - (-32 + 48 - -9)) + 109
111
What is the value of 12 - (6 + -57 + (-2 + 21 - (32 + -21)))?
55
Evaluate -4 - (2 - (-4 - 33)) - (2210 - 2211).
-42
Evaluate 30 - -63 - 46 - 41.
6
What is (575 - 569) + (2 - (4 + -1)) + -15 + 65?
55
What is 14 + -3 + (-243 - -235) + (-91 - 1)?
-89
Calculate -16 - (-18 - -49 - 22) - (-3 + 10).
-32
What is (9 - (-15 + 10)) + (27 - (-3 + 1))?
43
Evaluate 0 - 4 - (27 - (-19 + 52)) - -9.
11
(-33 + 32 + -10 - 0) + 23
12
Calculate -10 + -1 + (30 - 37 - (3 + -58)).
37
-6515 + 6502 + (3 - (-2 - (2 - 15)))
-21
Evaluate (42 - (-19 + -17 + 15)) + -11 + -1.
51
15 + (16 - (-11 - (16 + -42)))
16
What is the value of -78 + 29 + -3 + -2?
-54
What is the value of (-3 - 76) + -96 + 90 + 10 + -7?
-82
What is the value of ((-28 - -17) + 12 - (9 + -1)) + 76 + -83?
-14
Evaluate (51 + -77 - -202) + -54.
122
Calculate 2244 + -2187 - (-1 + -15).
73
1 + 8 + 15 - 0
24
Evaluate -34 + -8 + 78 + -1 + -3 + 10.
42
Calculate (0 - 17) + -5 + 1 + 665 + -696.
-52
Calculate 0 + (161 - 213 - (-13 + -1)).
-38
45 + 2 + (4187 - 4272)
-38
(84 - -1) + 3021 + -3183
-77
-27 + 12 + -6 + 40 + -4 + 14
29
What is the value of -281 - -249 - (1 + -59) - (11 - -1)?
14
What is the value of -8 + ((-5 - -12) + 2 - (42 - 39) - -3)?
1
Evaluate -89 + (54 - 18) + 29.
-24
Calculate -13 + (18 + -44 + 19 + 0 - 31).
-51
162 + -47 + (-5 - (14 - (-9 - -23)))
110
Calculate 63 + (-104 - -67) + -86.
-60
What is (-12 - (-1 - (10 - (9 - 6)))) + -17?
-21
What is the value of 2 + (-1 - 11) + (11 - (-30 - -15) - 106)?
-90
What is (23 - 6) + 26 + (-18 - -15)?
40
Calculate 54 - ((2 - -7) + (-1 - -10)).
36
What is the value of -58 + 19 + (10 - (-5 + -8))?
-16
Evaluate -6 + (0 - (54 + -49)).
-11
What is 58 + -70 + (1 - -1) + -9?
-19
What is the value of 6 - (-8 - (-61 - ((4 - -23) + -14)))?
-60
What is -137 - ((-70 - -15) + -9 + 25)?
-98
54 - (17 + 1 - (-128 + 137)) - -15
60
Calculate (-95 - (52 - 136)) + 114 + 4.
107
Calculate (-9 + 41 - 8) + (12 + -13 - -7).
30
Calculate 14131 - 14045 - (2 + 53).
31
What is the value of -1 - ((-11 - (25 - 51)) + -3)?
-13
Calculate 19 - (10 + (33 + -10 - -28)).
-42
What is the value of 97 + (-68 - (-59 + 27))?
61
-49 + 65 - (-5 + 5 + 1 + -3)
18
What is the value of -6 + 16 + -27 + (6 - (13 - (0 + 5)))?
-19
Calculate 15 - -1 - (715 + -741 - (-1 + -13)).
28
Calculate -15 + 3 + 30 - (-18 - -8).
28
Evaluate 22 + 0 - (-228 - (-70 - 54)).
126
Calculate -87 + (-42 - -74) - (3 - (-6 - -5)).
-59
What is the value of 17 - (-17 + (94 - 10))?
-50
Evaluate -12 - ((-1 - 2) + 1 + 69 + -377 + 368).
-70
What is the value of (-4 - (-20 + 31 + 7)) + 50?
28
What is (66 + -23 - 99 - -23) + 29?
-4
What is the value of (-1 - (-19 + 8 - (-10 + -5))) + 32 + 5?
32
What is ((-20 - -11) + 15 - 17) + -29 + 4?
-36
What is 24 + -1 + 1 + 175 + -217?
-18
-353 - -293 - (-37 + 3)
-26
-19 + 20 + (-10 - 0) + (-19 - -8) + 4
-16
Evaluate (-47 - 8) + (4 - 3 - (-9 - -1) - 18).
-64
What is the value of 1543 - 1493 - (7 + 9)?
34
Evaluate 1 - (-13 - ((-1 - 14) + 205 + -194)).
10
Evaluate 22 - 82 - (-26 - 19).
-15
13 + -6 + -1 + -8 + 12 + 34 + 1
45
What is the value of 1 - 1 - (-23 - -11 - -14 - (4 + -55))?
-53
Calculate -7 + (33 - 63 - 5).
-42
What is the value of -41 - (23 + -52 + -17)?
5
What is 35 + (122 - 86) + 12 + -22?
61
What is 619 + -662 - (-1 + -32) - -128?
118
Calculate 25 - (14 + -43) - 23.
31
What is -8 + -7 + (-58 - ((-8 - 0) + -11))?
-54
0 + (-10 - (2 - 1)) - (875 - 424 - 461)
-1
Calculate 0 - 8 - (12 - (-16 - -53)).
17
Evaluate -8 + 3 + 9 + 0 + 31 - (-48 + 38).
45
What is the value of 19 + 28 + -10 + -70?
-33
What is the value of 18 - 2 - ((13 - 53) + -9 - -7)?
58
What is the value of -59 + (16 - (-110 + 80))?
-13
-2 + 36 - (-30 - (-18 - 21))
25
(-5 - ((0 - -7) + (361 - 355))) + 34
16
Evaluate 7 + -2 - ((-2 + 2 - 16) + -211 + 221).
11
What is the value of 38 + -86 + 31 + -1 - -22?
4
What is -10 - (0 + -13 + (-90 + 41 - -88))?
-36
Evaluate 6 - 53 - -11 - (-2 - -6).
-40
Calculate 71 - (27 - -30 - 30 - 8).
52
-44 - 0 - (3 + -1 + -17 + (5 - -8))
-42
Evaluate -1 + -2 + 15 - (7 - -23 - (4 - -14)).
0
((-3 - -1) + -43 + 37 - -8 - -1) + -22
-21
Calculate (-10 + 21 - -11) + (11 - 18).
15
(2 - 1) + 3 + (42 - (59 - 22))
9
Evaluate 1 - -16 - ((80 - 16) + -39 + -64).
56
What is the value of 3 + (48 - 19) + 73 + -38?
67
Evaluate 109 + (-96 - (41 - 74)).
46
Evaluate (-20 + -2 + 7 + -4 - -10) + 8.
-1
What is 0 + -2 - (-2 + 3) - (-10 + -75 + 37)?
45
Evaluate -30 + (-1 - -1 - (-15 - (-12 + 3))).
-24
-9 - (7 + -6 + (-9 + 6 - 44))
37
Evaluate 10 - (11 - (-6 - (10 + -3 + -6))).
-8
What is the value of -146 + -10 + -1 + -3 + 11 + 0?
-149
Calculate -40 + (-35 - -21) + 3 + (4 - -8).
-39
-371 + 378 + 0 + -99 + 17 + 2
-73
What is (45 - (26 - -8)) + 28 + -71?
-32
Calculate (13 - (11 - (-2 + -3)) - -2) + -4 + -114.
-119
What is -15 + (16 - -5) + 4 + -1?
9
0 - 15 - (4364 + -4447)
68
What is the value of (15 - 12) + (-6 - -3 - -47 - -4)?
51
Evaluate 39 + (-4 - (-18 - -21 - 22)) + (1 - 15).
40
What is the value of 1 + (45 - -1) + -34 + (30 - -10)?
53
Evaluate -7 + 22 + 99 + -92.
22
Calculate 106 - 83 - (15 - (3 - 7)).
4
467 - 422 - (2 + -2 - 17)
62
Evaluate 10 - ((3 - 8) + (22 + -16 + -4 - -39)).
-26
What is the value of 49 + -44 - -7 - (21 - 15)?
6
12 + -10 + -13 + -10 + -3
-24
-5 + 2 + 39 + (-2 - 8) - -7
33
Evaluate 0 + -6 + 13 - 15.
-8
Calculate (33 - (15 - -6)) + -15 - 1.
-4
What is -39 - (-8 + -65) - -2 - (2 + -2)?
36
What is -11 + (-26 - -40 - (8 + 28))?
-33
Calculate (63 + -63 - (-27 - (-13 - -5 - 0))) + -11.
8
What is the value of 49 - ((75 + -33 - 61) + 145)?
-77
What is 10 - ((15 - -18) + 1) - (4 - -2)?
-30
What is 4 + (-2 + (-36 - -19) + 7 - -8)?
0
Evaluate -2 + (-3 - -14) + (2 - 4) + -11.
-4
What is the value of -34 + -113 + 44 + 44?
-59
What is (58 - -9) + 126 + -172 + -126?
-105
What is the value of -13 - (-15 - (-20 + -6) - 32)?
8
What is -35 + -44 + 12 + 119?
52
What is the value of 8 + -4 + -4 - -3 - (27 + -57) - -7?
40
Calculate 3 - 0 - -5 - (45 - (-12 - -56)).
7
-57 - ((-165 - -31) + 61)
16
What is 22 + (-12 - (-3 - 7)) + -73?
-53
Calculate (16 + -1 - 2) + -1205 + 1190.
-2
What is the value of 15 + -59 + -43 + 51?
-36
Calculate 12 + (-32 - (-12 + -21)) + 19.
32
Calculate 42 - 19 - (-2 + 70 - 11).
-34
Calculate -38 - -1 - (4 + 4 + 1 - (54 - 42)).
-34
Evaluate (-28 - 1 - -65) + -3.
33
What is the value of 6 + -68 - (450 + -486)?
-26
What is 14030 - 14044 - (-1 + -33 + -1)?
21
-30 + (-1 - (-21 + 7)) - (80 + -5)
-92
(-1 - (-19 - -1)) + -2 + (-76 - (-56 + 31))
-36
Evaluate 20780 - 20778 - (-1 + -1 + 0).
4
-22 + (24 - (24 - 18)) + -18
-22
What is -73 + (108 + 17 - 68)?
-16
3 + -7 - (3 + -14 + 27)
-20
Calculate 1 + 13 - (53 - (27 + 16 + 1)).
5
What is 1458 - 1375 - (0 + 3 + (11 - -2))?
67
Calculate (-60 - 7) + -22 + 20 + -18 + 15.
-72
Evaluate 18 + -16 + (-20 - (11 + (-11 - -6))).
-24
-10 + 17 + -53 + 84
38
What is 134 + -48 + 19 - (-5 - -2 - -19)?
89
What is 320 + -455 - -127 - (0 - 1 - (100 - -2))?
95
What is 36 + 24 + (11 - 55) + 25?
41
What is the value of (-4 - (-3 - -2)) + (10 - 7) - (-121 - -98)?
23
Calculate 19 + -13 + (-20 - -14) + (-2 - (-9 - 87)).
94
What is the value of 132 - ((134 - 58) + 34)?
22
What is -25 + (-16 - -27) + -18 + (-8 - -7)?
-33
(-40 + (25 - 7) - -46) + -73
-49
What is the value of 18 - (-5 - 15 - ((4 - 56) + 5))?
-9
Calculate 24 + -20 + 41 + 6 + 2 + -5.
48
What is the value of -2 - ((-80 - -48 - -40) + (1 - -4))?
-15
What is the value of -38 - (38 + (0 - 19) - 29)?
-28
What is (30 + (1 - 15) - 